{"id":1639,"date":"2018-12-02T14:35:27","date_gmt":"2018-12-02T16:35:27","guid":{"rendered":"http:\/\/www.vimetal.com.br\/site\/?page_id=1639"},"modified":"2021-04-05T23:08:51","modified_gmt":"2021-04-06T02:08:51","slug":"financeiro","status":"publish","type":"page","link":"https:\/\/www.vimetal.com.br\/site\/financeiro\/","title":{"rendered":"Financeiro"},"content":{"rendered":"<div class=\"wpb-content-wrapper\"><p>[vc_row full_width=&#8221;stretch_row&#8221; css=&#8221;.vc_custom_1543758053684{margin-top: 0px !important;margin-bottom: 0px !important;padding-top: 0px !important;padding-bottom: 0px !important;background-image: url(http:\/\/www.vimetal.com.br\/site\/wp-content\/uploads\/2017\/02\/bg-breadcrumb.jpg?id=1535) !important;}&#8221;][vc_column][vc_column_text]<\/p>\n<h2 style=\"font-size: 25px; color: #ffffff; text-align: left; font-family: Fira Sans; font-weight: 400; font-style: normal;\">A VIMETAL \u00bb <span style=\"font-weight: 500 !important;\">FINANCEIRO<\/span><\/h2>\n<p>[\/vc_column_text][\/vc_column][\/vc_row][vc_section full_width=&#8221;stretch_row&#8221; css=&#8221;.vc_custom_1543767455657{padding-top: 60px !important;padding-bottom: 40px !important;background-color: #f4f2f2 !important;}&#8221;][vc_row][vc_column width=&#8221;1\/4&#8243;][vc_widget_sidebar sidebar_id=&#8221;services-sidebar&#8221; el_id=&#8221;menu-a-vimetal&#8221;][\/vc_column][vc_column width=&#8221;3\/4&#8243; css=&#8221;.vc_custom_1543766329690{margin-left: 30px !important;}&#8221;][vc_column_text el_class=&#8221;texto-interno&#8221;]N\u00f3s da <span class=\"highlight-text\">Vimetal<\/span>constru\u00edmos nossa parceria e bom relacionamento com os nossos clientes desde o momento da cota\u00e7\u00e3o at\u00e9 a entrega do pedido. E isto n\u00e3o poderia ser diferente quanto \u00e0s quest\u00f5es financeiras.<\/p>\n<p>Para facilitar sua compra, oferecemos <span class=\"highlight-text\">diversas formas de pagamento<\/span>: boleto, cart\u00e3o de cr\u00e9dito e BNDES.<\/p>\n<p>Pelo cart\u00e3o, dividimos o pagamento* e os boletos s\u00e3o gerados com pagamentos a partir de 30 dias* ap\u00f3s o fechamento do pedido, o que facilita a organiza\u00e7\u00e3o financeira da sua empresa. J\u00e1 com o cart\u00e3o BNDES, <span class=\"highlight-text\">\u00e9 poss\u00edvel escolher o melhor plano de financiamento para voc\u00ea.<\/span><\/p>\n<p><em><span style=\"font-size: 14px;\">*Consulte condi\u00e7\u00f5es com nossos vendedores.<\/span><\/em>[\/vc_column_text][\/vc_column][\/vc_row][\/vc_section]<\/p>\n<\/div>","protected":false},"excerpt":{"rendered":"<p>[vc_row full_width=&#8221;stretch_row&#8221; css=&#8221;.vc_custom_1543758053684{margin-top: 0px !important;margin-bottom: 0px !important;padding-top: 0px !important;padding-bottom: 0px !important;background-image: url(http:\/\/www.vimetal.com.br\/site\/wp-content\/uploads\/2017\/02\/bg-breadcrumb.jpg?id=1535) !important;}&#8221;][vc_column][vc_column_text] A VIMETAL \u00bb FINANCEIRO [\/vc_column_text][\/vc_column][\/vc_row][vc_section full_width=&#8221;stretch_row&#8221; css=&#8221;.vc_custom_1543767455657{padding-top: 60px !important;padding-bottom: 40px !important;background-color: #f4f2f2 !important;}&#8221;][vc_row][vc_column width=&#8221;1\/4&#8243;][vc_widget_sidebar sidebar_id=&#8221;services-sidebar&#8221; el_id=&#8221;menu-a-vimetal&#8221;][\/vc_column][vc_column width=&#8221;3\/4&#8243; css=&#8221;.vc_custom_1543766329690{margin-left: 30px !important;}&#8221;][vc_column_text el_class=&#8221;texto-interno&#8221;]N\u00f3s da Vimetalconstru\u00edmos nossa parceria e bom relacionamento com os nossos clientes desde o momento da cota\u00e7\u00e3o at\u00e9 a entrega do pedido. E isto n\u00e3o poderia ser diferente quanto \u00e0s quest\u00f5es financeiras. Para facilitar sua compra, oferecemos diversas formas de pagamento: boleto, cart\u00e3o de cr\u00e9dito e BNDES. Pelo cart\u00e3o, dividimos o pagamento* e os boletos s\u00e3o gerados com pagamentos a partir de 30 dias* ap\u00f3s o fechamento do pedido, o que facilita a organiza\u00e7\u00e3o financeira da sua empresa. J\u00e1 com o cart\u00e3o BNDES, \u00e9 poss\u00edvel escolher o melhor plano de financiamento para voc\u00ea. *Consulte condi\u00e7\u00f5es com nossos vendedores.[\/vc_column_text][\/vc_column][\/vc_row][\/vc_section]<\/p>\n","protected":false},"author":1,"featured_media":0,"parent":0,"menu_order":8,"comment_status":"closed","ping_status":"closed","template":"","meta":{"footnotes":""},"class_list":["post-1639","page","type-page","status-publish","hentry"],"_links":{"self":[{"href":"https:\/\/www.vimetal.com.br\/site\/wp-json\/wp\/v2\/pages\/1639","targetHints":{"allow":["GET"]}}],"collection":[{"href":"https:\/\/www.vimetal.com.br\/site\/wp-json\/wp\/v2\/pages"}],"about":[{"href":"https:\/\/www.vimetal.com.br\/site\/wp-json\/wp\/v2\/types\/page"}],"author":[{"embeddable":true,"href":"https:\/\/www.vimetal.com.br\/site\/wp-json\/wp\/v2\/users\/1"}],"replies":[{"embeddable":true,"href":"https:\/\/www.vimetal.com.br\/site\/wp-json\/wp\/v2\/comments?post=1639"}],"version-history":[{"count":6,"href":"https:\/\/www.vimetal.com.br\/site\/wp-json\/wp\/v2\/pages\/1639\/revisions"}],"predecessor-version":[{"id":2387,"href":"https:\/\/www.vimetal.com.br\/site\/wp-json\/wp\/v2\/pages\/1639\/revisions\/2387"}],"wp:attachment":[{"href":"https:\/\/www.vimetal.com.br\/site\/wp-json\/wp\/v2\/media?parent=1639"}],"curies":[{"name":"wp","href":"https:\/\/api.w.org\/{rel}","templated":true}]}}