{"id":1689,"date":"2018-12-02T16:16:40","date_gmt":"2018-12-02T18:16:40","guid":{"rendered":"http:\/\/www.vimetal.com.br\/site\/?page_id=1689"},"modified":"2021-04-05T23:07:50","modified_gmt":"2021-04-06T02:07:50","slug":"orcamento","status":"publish","type":"page","link":"https:\/\/www.vimetal.com.br\/site\/orcamento\/","title":{"rendered":"Or\u00e7amento"},"content":{"rendered":"<div class=\"wpb-content-wrapper\"><p>[vc_row full_width=&#8221;stretch_row&#8221; css=&#8221;.vc_custom_1543776816479{padding-top: 0px !important;background-image: url(http:\/\/www.vimetal.com.br\/site\/wp-content\/uploads\/2017\/02\/bg-breadcrumb.jpg?id=1535) !important;}&#8221;][vc_column][vc_column_text]<\/p>\n<h2 style=\"font-size: 25px; color: #ffffff; text-align: left; font-family: Fira Sans; font-weight: 500 !important; font-style: normal;\">OR\u00c7AMENTO<\/h2>\n<p>[\/vc_column_text][\/vc_column][\/vc_row][vc_row full_width=&#8221;stretch_row&#8221; css=&#8221;.vc_custom_1543776830282{margin-bottom: 0px !important;padding-top: 0px !important;padding-bottom: 0px !important;background-color: #f4f2f2 !important;}&#8221;][vc_column][vc_column_text css=&#8221;.vc_custom_1543776909876{margin-bottom: 0px !important;padding-bottom: 0px !important;}&#8221;]<span style=\"font-weight: 400;\">Senhores clientes, n\u00f3s da Vimetal \u2013 Produtos Sider\u00fargicos e Industriais, estamos sempre em busca de prover solu\u00e7\u00f5es para o seu neg\u00f3cio. E para isso, disponibilizamos uma gama de linhas de produtos para atender o seu projeto. Preencha abaixo o question\u00e1rio e solicite seu or\u00e7amento personalizado.<\/span>[\/vc_column_text][\/vc_column][\/vc_row][vc_row full_width=&#8221;stretch_row&#8221; css=&#8221;.vc_custom_1543776916828{margin-bottom: 0px !important;padding-top: 0px !important;padding-bottom: 0px !important;background-color: #f4f2f2 !important;}&#8221;][vc_column width=&#8221;1\/2&#8243; css=&#8221;.vc_custom_1543776962611{margin-top: 0px !important;padding-top: 20px !important;padding-right: 60px !important;}&#8221;]\n<div class=\"wpcf7 no-js\" id=\"wpcf7-f1690-o1\" lang=\"en-US\" dir=\"ltr\" data-wpcf7-id=\"1690\">\n<div class=\"screen-reader-response\"><p role=\"status\" aria-live=\"polite\" aria-atomic=\"true\"><\/p> <ul><\/ul><\/div>\n<form action=\"\/site\/wp-json\/wp\/v2\/pages\/1689#wpcf7-f1690-o1\" method=\"post\" class=\"wpcf7-form init\" aria-label=\"Contact form\" novalidate=\"novalidate\" data-status=\"init\">\n<div style=\"display: none;\">\n<input type=\"hidden\" name=\"_wpcf7\" value=\"1690\" \/>\n<input type=\"hidden\" name=\"_wpcf7_version\" value=\"6.0.6\" \/>\n<input type=\"hidden\" name=\"_wpcf7_locale\" value=\"en_US\" \/>\n<input type=\"hidden\" name=\"_wpcf7_unit_tag\" value=\"wpcf7-f1690-o1\" \/>\n<input type=\"hidden\" name=\"_wpcf7_container_post\" value=\"0\" \/>\n<input type=\"hidden\" name=\"_wpcf7_posted_data_hash\" value=\"\" \/>\n<input type=\"hidden\" name=\"_wpcf7_recaptcha_response\" value=\"\" \/>\n<\/div>\n<div class=\"row\">\n\t<div class=\"col-md-12\">\n\t\t<p><label> Nome (obrigat\u00f3rio)<\/label><br \/>\n<span class=\"wpcf7-form-control-wrap\" data-name=\"nome-1\"><input size=\"40\" maxlength=\"400\" class=\"wpcf7-form-control wpcf7-text wpcf7-validates-as-required\" aria-required=\"true\" aria-invalid=\"false\" value=\"\" type=\"text\" name=\"nome-1\" \/><\/span>\n\t\t<\/p>\n\t<\/div>\n\t<div class=\"col-md-12 space-top\">\n\t\t<p><label> E-mail (obrigat\u00f3rio)<\/label><br \/>\n<span class=\"wpcf7-form-control-wrap\" data-name=\"email-1\"><input size=\"40\" maxlength=\"400\" class=\"wpcf7-form-control wpcf7-email wpcf7-validates-as-required wpcf7-text wpcf7-validates-as-email\" aria-required=\"true\" aria-invalid=\"false\" value=\"\" type=\"email\" name=\"email-1\" \/><\/span>\n\t\t<\/p>\n\t<\/div>\n\t<div class=\"col-md-12 space-top\">\n\t\t<p><label> Telefone (obrigat\u00f3rio)<\/label><br \/>\n<span class=\"wpcf7-form-control-wrap\" data-name=\"number-1\"><input class=\"wpcf7-form-control wpcf7-number wpcf7-validates-as-required wpcf7-validates-as-number\" aria-required=\"true\" aria-invalid=\"false\" value=\"\" type=\"number\" name=\"number-1\" \/><\/span>\n\t\t<\/p>\n\t<\/div>\n\t<div class=\"col-md-6 space-top\">\n\t\t<p><label> Selecione o Departamento:<\/label><br \/>\n<span class=\"wpcf7-form-control-wrap\" data-name=\"menu-41\"><select class=\"wpcf7-form-control wpcf7-select\" aria-invalid=\"false\" name=\"menu-41\"><option value=\"Comercial\/ Vendas\">Comercial\/ Vendas<\/option><option value=\"Compras\/ Suprimentos\">Compras\/ Suprimentos<\/option><option value=\"Financeiro\">Financeiro<\/option><option value=\"Qualidade\">Qualidade<\/option><option value=\"Log\u00edstica\/ Expedi\u00e7\u00e3o\">Log\u00edstica\/ Expedi\u00e7\u00e3o<\/option><option value=\"Outros\">Outros<\/option><\/select><\/span>\n\t\t<\/p>\n\t<\/div>\n\t<div class=\"col-md-6 space-top\">\n\t\t<p><label> Assunto<\/label><br \/>\n<span class=\"wpcf7-form-control-wrap\" data-name=\"assunto-1\"><input size=\"40\" maxlength=\"400\" class=\"wpcf7-form-control wpcf7-text wpcf7-validates-as-required\" aria-required=\"true\" aria-invalid=\"false\" value=\"\" type=\"text\" name=\"assunto-1\" \/><\/span>\n\t\t<\/p>\n\t<\/div>\n\t<div class=\"col-md-12 space-top\">\n\t\t<p><label> Sua mensagem<\/label><br \/>\n<span class=\"wpcf7-form-control-wrap\" data-name=\"textarea-1\"><textarea cols=\"40\" rows=\"10\" maxlength=\"2000\" class=\"wpcf7-form-control wpcf7-textarea wpcf7-validates-as-required\" aria-required=\"true\" aria-invalid=\"false\" name=\"textarea-1\"><\/textarea><\/span>\n\t\t<\/p>\n\t\t<p><span class=\"space-top\"><\/span>\n\t\t<\/p>\n\t\t<p><input class=\"wpcf7-form-control wpcf7-submit has-spinner btn-primary btn-default\" type=\"submit\" value=\"Send\" \/>\n\t\t<\/p>\n\t<\/div>\n<\/div><div class=\"wpcf7-response-output\" aria-hidden=\"true\"><\/div>\n<\/form>\n<\/div>\n[vc_column_text css=&#8221;.vc_custom_1543776696026{margin-bottom: 0px !important;padding-top: 25px !important;padding-bottom: 0px !important;}&#8221;]<\/p>\n<p style=\"font-size: 12px; text-align: left;\"><span style=\"text-align: left; font-weight: 400;\">Informamos que n\u00e3o aceitaremos curr\u00edculos enviados por meio desse formul\u00e1rio. Para concorrer a vagas, encaminhe seu curr\u00edculo para o e-mail <a href=\"mailto:rh@vimetal.com.br\">rh@vimetal.com.br<\/a> que a equipe respons\u00e1vel ir\u00e1 avaliar e dar sequ\u00eancia ao contato.<\/span><\/p>\n<p>[\/vc_column_text][\/vc_column][vc_column width=&#8221;1\/2&#8243;][vc_single_image image=&#8221;1701&#8243; img_size=&#8221;full&#8221; alignment=&#8221;right&#8221; css=&#8221;.vc_custom_1543776993796{margin-top: 100px !important;margin-bottom: 0px !important;padding-bottom: 0px !important;}&#8221;][\/vc_column][\/vc_row]<\/p>\n<\/div>","protected":false},"excerpt":{"rendered":"<p>[vc_row full_width=&#8221;stretch_row&#8221; css=&#8221;.vc_custom_1543776816479{padding-top: 0px !important;background-image: url(http:\/\/www.vimetal.com.br\/site\/wp-content\/uploads\/2017\/02\/bg-breadcrumb.jpg?id=1535) !important;}&#8221;][vc_column][vc_column_text] OR\u00c7AMENTO [\/vc_column_text][\/vc_column][\/vc_row][vc_row full_width=&#8221;stretch_row&#8221; css=&#8221;.vc_custom_1543776830282{margin-bottom: 0px !important;padding-top: 0px !important;padding-bottom: 0px !important;background-color: #f4f2f2 !important;}&#8221;][vc_column][vc_column_text css=&#8221;.vc_custom_1543776909876{margin-bottom: 0px !important;padding-bottom: 0px !important;}&#8221;]Senhores clientes, n\u00f3s da Vimetal \u2013 Produtos Sider\u00fargicos e Industriais, estamos sempre em busca de prover solu\u00e7\u00f5es para o seu neg\u00f3cio. E para isso, disponibilizamos uma gama de linhas de produtos para atender o seu projeto. Preencha abaixo o question\u00e1rio e solicite seu or\u00e7amento personalizado.[\/vc_column_text][\/vc_column][\/vc_row][vc_row full_width=&#8221;stretch_row&#8221; css=&#8221;.vc_custom_1543776916828{margin-bottom: 0px !important;padding-top: 0px !important;padding-bottom: 0px !important;background-color: #f4f2f2 !important;}&#8221;][vc_column width=&#8221;1\/2&#8243; css=&#8221;.vc_custom_1543776962611{margin-top: 0px !important;padding-top: 20px !important;padding-right: 60px !important;}&#8221;][vc_column_text css=&#8221;.vc_custom_1543776696026{margin-bottom: 0px !important;padding-top: 25px !important;padding-bottom: 0px !important;}&#8221;] Informamos que n\u00e3o aceitaremos curr\u00edculos enviados por meio desse formul\u00e1rio. Para concorrer a vagas, encaminhe seu curr\u00edculo para o e-mail rh@vimetal.com.br que a equipe respons\u00e1vel ir\u00e1 avaliar e dar sequ\u00eancia ao contato. [\/vc_column_text][\/vc_column][vc_column width=&#8221;1\/2&#8243;][vc_single_image image=&#8221;1701&#8243; img_size=&#8221;full&#8221; alignment=&#8221;right&#8221; css=&#8221;.vc_custom_1543776993796{margin-top: 100px !important;margin-bottom: 0px !important;padding-bottom: 0px !important;}&#8221;][\/vc_column][\/vc_row]<\/p>\n","protected":false},"author":1,"featured_media":0,"parent":0,"menu_order":14,"comment_status":"closed","ping_status":"closed","template":"","meta":{"footnotes":""},"class_list":["post-1689","page","type-page","status-publish","hentry"],"_links":{"self":[{"href":"https:\/\/www.vimetal.com.br\/site\/wp-json\/wp\/v2\/pages\/1689","targetHints":{"allow":["GET"]}}],"collection":[{"href":"https:\/\/www.vimetal.com.br\/site\/wp-json\/wp\/v2\/pages"}],"about":[{"href":"https:\/\/www.vimetal.com.br\/site\/wp-json\/wp\/v2\/types\/page"}],"author":[{"embeddable":true,"href":"https:\/\/www.vimetal.com.br\/site\/wp-json\/wp\/v2\/users\/1"}],"replies":[{"embeddable":true,"href":"https:\/\/www.vimetal.com.br\/site\/wp-json\/wp\/v2\/comments?post=1689"}],"version-history":[{"count":16,"href":"https:\/\/www.vimetal.com.br\/site\/wp-json\/wp\/v2\/pages\/1689\/revisions"}],"predecessor-version":[{"id":1712,"href":"https:\/\/www.vimetal.com.br\/site\/wp-json\/wp\/v2\/pages\/1689\/revisions\/1712"}],"wp:attachment":[{"href":"https:\/\/www.vimetal.com.br\/site\/wp-json\/wp\/v2\/media?parent=1689"}],"curies":[{"name":"wp","href":"https:\/\/api.w.org\/{rel}","templated":true}]}}